ue
Suppose 6*x - 9465 = -243. Is x a prime number?
False
Suppose 5*a = 0, -5*f + 10061 + 5334 = 4*a. Is f a prime number?
True
Let r be 17 - (-7)/(14/(-4)). Is (r/6 - 3)*-38 a prime number?
True
Let s be ((-12)/10)/((-6)/920). Suppose -459 = -5*o - s. Is o prime?
False
Suppose 5120 = 4*o + 3*t, 3*t = o - 449 - 816. Is o prime?
True
Let l = -84 - -863. Is l composite?
True
Suppose -h - 4*h = -35. Is h a prime number?
True
Let x = -2582 - -3733. Is x a composite number?
False
Let t be (-1999)/((-2)/(-4)*-1). Suppose p + 5307 = 5*g, -4*p + t - 823 = 3*g. Is g a composite number?
False
Let y(s) be the second derivative of 8*s**4/3 - 2*s**3/3 - s**2/2 - s. Is y(-3) a composite number?
True
Let a be 3*(-14)/15*5. Is (-296)/(-6)*(-21)/a prime?
False
Let v(i) = 5*i - 10. Is v(7) a composite number?
True
Let x be ((-19)/2)/((-2)/4). Suppose -g = -58 - x. Is g a composite number?
True
Let h(c) = -c**2 + c + 1115. Is h(0) composite?
True
Let n be ((-39)/2)/((-2)/(-4)). Let d = n - -76. Is d prime?
True
Let y(p) = 271*p - 4. Is y(3) a prime number?
True
Suppose y + 127 = 2*y. Suppose y = -2*o + 3*o. Is o composite?
False
Suppose 0 = -3*p - 11 - 1. Let j(n) = -39*n + 1. Is j(p) a composite number?
False
Suppose 5*t = -4*g - 149, -4*g + 0*g - 134 = 2*t. Let w = g - -242. Is w a composite number?
False
Let h = 130 + -35. Is h a prime number?
False
Let f = -148 - -30. Let d = f + 171. Is d a composite number?
False
Let h = -5 - -5. Suppose h = -3*d - 0 + 9. Is d composite?
False
Let n be 0/3 - -2 - 1. Let r(q) = -5*q**2 - 2*q + 1. Let v be r(n). Is 898/8 + v/(-8) composite?
False
Is 21226/10 - ((-12)/(-10))/(-3) composite?
True
Let u = 9 - 9. Suppose 4*n - 5*i - 52 = -0*n, i + 4 = u. Suppose n = -2*p + 74. Is p a composite number?
True
Let y(n) = 142*n - 17. Is y(8) prime?
False
Suppose 6*o - 3295 = o. Suppose -4*w = 5*n - 3273, 4*w - o = -n + w. Is n prime?
True
Let z = -100 - -162. Let c = z + -130. Let s = c - -103. Is s a composite number?
True
Let f = -10 + 20. Let h(n) = -n**2 + 13*n - 9. Is h(f) composite?
True
Let n(d) = 19*d - 1. Let v be n(1). Let w be 7*1 + (4 - 4). Let i = v - w. Is i composite?
False
Suppose 3*q + 0*q = 498. Let w be q/(-7) + (-6)/21. Let f = w - -39. Is f a prime number?
False
Let f = 601 + -368. Is f composite?
False
Is (-2119)/(((-7)/(-21))/((-1)/3)) prime?
False
Let y(q) = 2*q**3 + 2*q**2 - 2*q + 3. Is y(2) a composite number?
False
Suppose 0 = 3*v - 247 - 1376. Is v composite?
False
Suppose -3*s + 0*s = -48. Suppose -5*m + m - s = 0. Is (38/4)/(m/(-8)) composite?
False
Suppose 0 = 3*t + 2*t - 1855. Is t prime?
False
Let p be (-4*(-15)/(-6))/(-2). Suppose p*x - 20 = 0, -j + 2*x - 3 - 2 = 0. Suppose j*m - 2*m - 25 = 0. Is m a prime number?
False
Is 216 - (-3 + 4 + -4) prime?
False
Suppose 3*s = 662 + 4168. Suppose s = 5*y + 555. Is y prime?
True
Let h(g) = -g**2 - 8*g + 12. Let y be h(-9). Let i(s) = 6*s**2 - 6*s + s**3 + y*s - 3 - 2*s**3. Is i(3) a prime number?
False
Let j = -4 - -9. Suppose 236 = -t + j*t. Let w = 18 + t. Is w composite?
True
Let v be 15/3 + 1/(-1). Suppose 0 = o - 3, -3*t - 6 = -v*t - 2*o. Suppose 5*s - 32 - 63 = t. Is s a composite number?
False
Let x = -2 - -7. Suppose -x*o = 36 - 266. Let f = o - 25. Is f a prime number?
False
Let f(r) = 151*r**3 + 3*r**2 - 8*r + 3. Let j(z) = 50*z**3 + z**2 - 3*z + 1. Let b(d) = -3*f(d) + 8*j(d). Is b(-2) a composite number?
False
Let a = 4 - 4. Suppose a = -m - 3*v - 2, 2*m + 9 + 4 = 3*v. Let y(d) = 4*d**2 + 7*d. Is y(m) a composite number?
True
Suppose 6 = -3*h, -2*h - 2*h - 370 = -q. Suppose -4*x - 2*d = -q, 5*x + 3*d = 2*d + 448. Is x prime?
True
Let q(w) = -3*w - 1. Let y be q(-9). Let z = y - -29. Is z prime?
False
Let x = -1 - 25. Let h = x - -85. Is h a composite number?
False
Let m(u) = -u**3 + 14*u**2 - 2*u + 20. Let x be m(14). Is 1 + 2 - x*31 a prime number?
True
Is (-3)/(12/(-436)) + 2 a prime number?
False
Suppose -2*t - 80 = 5*r - 574, 4*r = -3*t + 741. Is t composite?
True
Suppose 4 = -2*i + 20. Suppose 2*t - i = a, 0 = -5*t + a + 3*a + 23. Is 44/t + (-1)/(-3) prime?
False
Let o(m) = -7*m**2 - 8*m + 2. Let v(q) = -14*q**2 - 17*q + 3. Let f(b) = -9*o(b) + 4*v(b). Is f(-5) a composite number?
False
Let o be 6/27 - (-16)/9. Suppose 0 = -2*a + 4*x + 7 - 23, 0 = a + o*x - 8. Is 14/(3 - (a + 2)) a prime number?
False
Suppose 0 = -b + 116 + 191. Is b a prime number?
True
Is 2/(-10) + (-2224)/(-20) a composite number?
True
Let r = -11 + 6. Let t(m) = m**2 + 6*m + 7. Let n be t(r). Suppose -5*i + 16 + 77 = n*v, -4*i - 53 = -v. Is v composite?
True
Let l(f) = -2*f**3 + f**2 - 3*f + 3. Is l(-5) a prime number?
True
Let y(k) = 4*k**2 + k**2 + 1 - 5*k - 7*k**2 + 5*k**2. Is y(7) a prime number?
True
Let w = 4104 - 1471. Is w a composite number?
False
Let o = -36 + 20. Let z = 31 + o. Is z a composite number?
True
Suppose 3*w = -0*w + 60. Suppose 3*y = -b + 1144 + 1324, -w = 5*b. Suppose 3*i = 7*i - 4*s - y, -3*s - 407 = -2*i. Is i composite?
False
Let r(x) = -5*x + 6 + 3*x**2 - 5 + 3*x**2 + x**3. Is r(-4) a prime number?
True
Let u(v) = 4*v**3 + 3*v**2 + 2*v + 6. Let x(t) = -5*t**3 - 3*t**2 - 2*t - 7. Let j(n) = -6*u(n) - 5*x(n). Let o be j(3). Is ((-17)/(-1))/((-1)/o) prime?
False
Let r be (-4)/6 + (-6245)/15. Let l = 663 + r. Let a = 457 - l. Is a a prime number?
True
Let m(t) be the first derivative of 21*t**4/4 - 3*t**2/2 + t - 1. Is m(2) a prime number?
True
Is 840/32 + 2/(-8) a prime number?
False
Suppose 0 = -y + 5*y - 20. Suppose y*r = 199 + 266. Is r prime?
False
Let k(f) = f**3 - f**2 - f + 23. Suppose 2*i + 2 - 20 = 0. Suppose -d + 15 = 5*w, 2*d + i = 3*w - 0. Is k(d) prime?
True
Let k be (-6)/((-2)/((-168)/9)). Is 1125/7 + (-16)/k a composite number?
True
Let k = 34 + 17. Is k composite?
True
Let t be 29*3*(-7)/(-21). Suppose 21 = -2*n - 3*o, 4*o = -3*n - 0*n - t. Is 185 + 0*n/(-9) prime?
False
Is (4/(-12))/((-2)/13422) prime?
True
Suppose -2*y + 5 = a, y - 3*a = -0*a + 20. Let r = y - -20. Suppose -j - 34 = -2*s + j, -s = -3*j - r. Is s a composite number?
False
Let z(h) = h**3 - 10*h**2 - 5*h - 11. Let q(j) = 5*j + 2. Let r be q(2). Is z(r) prime?
False
Suppose -c - 4*c + 95 = 0. Let s = 2 + c. Is s a composite number?
True
Let w(n) be the third derivative of 5*n**4/4 - 7*n**3/6 - 4*n**2. Is w(10) a composite number?
False
Let a(m) = m - 8. Let c be a(8). Suppose -r - 4*r + 1025 = c. Is r composite?
True
Let v(t) = -t**3 + t + 1. Let l(a) = -5*a**3 + 12*a**2 + 4*a + 11. Let n(u) = l(u) - 4*v(u). Let q(z) = z + 6. Let h be q(0). Is n(h) a composite number?
False
Let i = -17 + 27. Suppose -8 = -3*g + 13. Is 1 - g/((-7)/i) composite?
False
Let w(u) = -u**3 - 17*u**2 + 8*u + 13. Let t(j) = j**3 + 16*j**2 - 7*j - 14. Let o(m) = 4*t(m) + 3*w(m). Is o(-13) a prime number?
False
Suppose -3*r - m + 801 = 2*m, -3*r + m + 793 = 0. Is r a composite number?
True
Let j be (-36)/(-10) + (-2)/(-5). Suppose 0 = j*z - z - 21. Is z prime?
True
Let l be 7 + 12/(-3) + 2. Suppose -6*s = -5*o - s + 75, l*o - 71 = 4*s. Suppose i - o = -y, -2*y - 7*i = -2*i - 37. Is y composite?
True
Let i(a) = 2*a. Let r be i(1). Suppose r = -0*z + z. Is 2 - (-25 + z - 1) composite?
True
Suppose 13 = -5*h + 33. Suppose 3*w + h = 4*w. Suppose 3 = -3*c + 9, w*n - 350 = 3*c. Is n composite?
False
Let r = 218 - 75. Suppose -103 - r = -2*m. Is m prime?
False
Let g be 3/(-1) + (-5 - -2). Is (-154)/g - (-2)/6 a prime number?
False
Suppose 3058 - 9728 = -10*u. Is u composite?
True
Suppose -3*y = y - 4*f, -2*f = 4*y - 30. Suppose 0 = -y*d + 4*u - 31, 0 = d + 2*u - 5 - 0. Let q(p) = 9*p**2 + p - 1. Is q(d) composite?
True
Suppose p - 25 = q, -4 = -2*q + 4. Let n = 10 + p. Is n a composite number?
True
Let f = 576 + 431. Is f a composite number?
True
Suppose -12*p + 16*p - 3512 = 0. Is p a prime number?
False
Suppose -2*z = 2*b - 954, -804 - 170 = -2*z + 3*b. Is z/7 - 8/(-28) prime?
False
Suppose -4*k - 38 = -10. Let n(y) = y**3 + 9*y**2 - 3*y + 8. Is n(k) a composite number?
False
Let n(o) = -386*o + 15. Is n(-2) composite?
False
Let q(c) = -c**2 + 5*c + 3. Let f be q(5). Suppose a + 2*a + 282 = f*h, -2*h + 3*a = -189. Let n = -56 + h. Is n a composite number?
False
Suppose 0 = x + x - 4. Suppose -2*n = -4*u + 2*n + 312, -5*u - x*n = -383. Is u a composite number?
True
Let a(g) = 9*g + 11. Is a(6) 